2 a multiple of 19?
False
Is 3 a factor of 199?
False
Is 3860 a multiple of 67?
False
Is 748 a multiple of 68?
True
Is 8568 a multiple of 119?
True
Is 4674 a multiple of 17?
False
Does 6 divide 5040?
True
Is 4 a factor of 1164?
True
Is 2 a factor of 4830?
True
Does 5 divide 397?
False
Is 23 a factor of 4968?
True
Is 1628 a multiple of 115?
False
Is 2526 a multiple of 6?
True
Is 1208 a multiple of 3?
False
Is 19 a factor of 1833?
False
Is 40 a factor of 113840?
True
Is 79 a factor of 395?
True
Does 19 divide 380?
True
Is 4896 a multiple of 18?
True
Does 45 divide 1125?
True
Is 23 a factor of 8718?
False
Is 2555 a multiple of 18?
False
Does 23 divide 983?
False
Does 118 divide 1652?
True
Does 41 divide 21730?
True
Does 3 divide 220?
False
Is 456 a multiple of 24?
True
Is 16 a factor of 457?
False
Is 4953 a multiple of 39?
True
Is 300 a multiple of 30?
True
Is 17 a factor of 1272?
False
Is 648 a multiple of 9?
True
Is 6 a factor of 3108?
True
Is 37410 a multiple of 434?
False
Is 27 a factor of 14553?
True
Does 30 divide 18540?
True
Does 24 divide 4032?
True
Is 77 a factor of 29568?
True
Is 1188 a multiple of 11?
True
Is 24203 a multiple of 17?
False
Is 186 a multiple of 3?
True
Does 154 divide 6622?
True
Is 5429 a multiple of 61?
True
Does 47 divide 1994?
False
Does 28 divide 77028?
True
Is 4 a factor of 2064?
True
Does 25 divide 3968?
False
Does 30 divide 628?
False
Is 7 a factor of 1918?
True
Is 535 even?
False
Does 21 divide 20055?
True
Is 310 a factor of 53630?
True
Is 4998 a multiple of 82?
False
Is 14 a factor of 6762?
True
Is 10 a factor of 1120?
True
Is 310 a multiple of 5?
True
Is 20 a factor of 600?
True
Is 9 a factor of 342?
True
Does 26 divide 750?
False
Does 62 divide 11002?
False
Does 78 divide 91650?
True
Is 631 a multiple of 7?
False
Is 16 a factor of 80?
True
Is 16640 a multiple of 26?
True
Does 122 divide 26108?
True
Is 57 a factor of 7704?
False
Is 126 a factor of 38052?
True
Is 2272 a multiple of 36?
False
Is 37150 a multiple of 9?
False
Is 17430 a multiple of 83?
True
Is 4372 a multiple of 19?
False
Is 2596 a multiple of 12?
False
Does 14 divide 896?
True
Does 28 divide 1540?
True
Is 13 a factor of 91?
True
Does 17 divide 9629?
False
Does 45 divide 16380?
True
Is 17 a factor of 12155?
True
Does 25 divide 550?
True
Does 23 divide 33007?
False
Does 5 divide 629?
False
Is 48 a factor of 7056?
True
Is 254 a multiple of 26?
False
Does 8 divide 31119?
False
Does 34 divide 4983?
False
Is 2 a factor of 3454?
True
Does 29 divide 42862?
True
Is 283 a factor of 46695?
True
Does 12 divide 9504?
True
Is 90 a factor of 12438?
False
Is 25 a factor of 1250?
True
Does 46 divide 11415?
False
Is 1235 a multiple of 13?
True
Does 82 divide 19762?
True
Is 720 a multiple of 48?
True
Does 42 divide 714?
True
Does 24 divide 720?
True
Is 149 a factor of 31489?
False
Does 81 divide 1427?
False
Is 428 a multiple of 21?
False
Does 14 divide 28098?
True
Does 14 divide 1768?
False
Does 154 divide 70994?
True
Does 8 divide 6646?
False
Is 19 a multiple of 6?
False
Is 992 a multiple of 8?
True
Does 6 divide 2394?
True
Is 54 a factor of 29052?
True
Is 11 a multiple of 10?
False
Is 12 a factor of 1727?
False
Is 9 a factor of 128312?
False
Does 23 divide 47219?
True
Is 928 a multiple of 29?
True
Is 27 a factor of 5782?
False
Does 23 divide 4393?
True
Is 27 a factor of 1508?
False
Does 16 divide 19040?
True
Is 1815 a multiple of 165?
True
Does 35 divide 32140?
False
Does 2 divide 4480?
True
Does 16 divide 25520?
True
Is 84 a multiple of 6?
True
Is 16 a factor of 841?
False
Is 14005 a multiple of 5?
True
Does 93 divide 64821?
True
Is 8 a factor of 1115?
False
Is 251 a multiple of 16?
False
Is 26102 a multiple of 66?
False
Is 7 a factor of 1547?
True
Is 313 a factor of 34244?
False
Is 990 a multiple of 66?
True
Does 11 divide 2123?
True
Does 9 divide 980?
False
Is 49627 a multiple of 10?
False
Does 56 divide 627?
False
Is 193 a multiple of 5?
False
Is 41 a factor of 959?
False
Is 262 a factor of 21740?
False
Is 26 a factor of 55718?
True
Does 18 divide 92?
False
Is 17 a factor of 2380?
True
Is 56 a factor of 17495?
False
Is 65 a factor of 3786?
False
Does 13 divide 598?
True
Does 85 divide 765?
True
Does 2 divide 1585?
False
Is 10683 a multiple of 13?
False
Does 2 divide 1162?
True
Is 779 a multiple of 11?
False
Is 127 a factor of 7366?
True
Is 7 a factor of 14?
True
Is 9856 a multiple of 21?
False
Is 123 a multiple of 10?
False
Does 14 divide 2688?
True
Does 4 divide 210?
False
Is 4966 a multiple of 13?
True
Does 3 divide 15?
True
Is 1512 a multiple of 66?
False
Is 3902 a multiple of 176?
False
Is 10 a factor of 45092?
False
Is 51286 a multiple of 47?
False
Is 5940 a multiple of 90?
True
Is 13 a factor of 39377?
True
Is 429 a multiple of 39?
True
Is 15 a factor of 7333?
False
Is 17467 a multiple of 193?
False
Is 2593 a multiple of 138?
False
Is 8 a factor of 827?
False
Is 816 a multiple of 48?
True
Does 14 divide 322?
True
Is 14 a factor of 770?
True
Is 5819 a multiple of 233?
False
Does 113 divide 3955?
True
Does 21 divide 3435?
False
Does 14 divide 6104?
True
Does 167 divide 6346?
True
Is 142 a factor of 33766?
False
Is 441 a multiple of 49?
True
Is 23 a factor of 79337?
False
Is 2937 a multiple of 12?
False
Is 158 a multiple of 6?
False
Does 44 divide 18867?
False
Does 75 divide 6000?
True
Does 20 divide 166?
False
Is 100063 a multiple of 183?
False
Does 6 divide 282?
True
Is 28 a factor of 672?
True
Is 22343 a multiple of 41?
False
Does 19 divide 12521?
True
Is 3076 a multiple of 2?
True
Is 1581 a multiple of 51?
True
Is 21 a factor of 30520?
False
Does 47 divide 120?
False
Does 33 divide 1089?
True
Does 50 divide 491?
False
Is 512 a multiple of 2?
True
Does 4 divide 212?
True
Is 23 a factor of 1541?
True
Is 705 a multiple of 9?
False
Is 7 a factor of 175?
True
Is 1602 a multiple of 73?
False
Does 58 divide 1218?
True
Does 11 divide 44593?
False
Does 2 divide 69?
False
Does 2 divide 1989?
False
Is 361 a factor of 78551?
False
Does 31 divide 62397?
False
Is 5 a factor of 235?
True
Is 22895 a multiple of 95?
True
Is 6 a factor of 182?
False
Does 58 divide 12006?
True
Is 16 a factor of 15958?
False
Is 20943 a multiple of 10?
False
Is 26 a factor of 347?
False
Is 1266 a multiple of 10?
False
Is 14 a factor of 12820?
False
Is 40508 a multiple of 38?
True
Is 30 a factor of 11203?
False
Is 193 a factor of 66373?
False
Is 1780 a multiple of 6?
False
Does 9 divide 2562?
False
Does 10 divide 660?
True
Is 22 a factor of 924?
True
Is 10 a factor of 9277?
False
Is 67 a factor of 4716?
False
Does 18 divide 45234?
True
Is 4160 a multiple of 26?
True
Does 4 divide 989?
False
Does 23 divide 22218?
True
Is 15 a factor of 67980?
True
Does 153 divide 51412?
False
Does 8 divide 144?
True
Is 981 a multiple of 34?
False
Is 9 a factor of 54?
True
Does 7 divide 166?
False
Is 539 a multiple of 22?
False
Is 2931 a multiple of 162?
False
Is 66 a multiple of 6?
True
Does 5 divide 245?
True
Is 8 a factor of 668?
False
Is 2340 a multiple of 60?
True
Is 12 a factor of 545?
False
Is 12 a factor of 13815?
False
Does 3 divide 116?
False
Is 13832 a multiple of 38?
True
Is 2427 a multiple of 64?
False
Is 20 a factor of 1197?
False
Is 13 a factor of 1005?
False
Does 181 divide 13893?
False
Does 8 divide 592?
True
Is 39 a factor of 3207?
False
Does 71 divide 65570?
False
Is 53 a factor of 2440?
False
Is 26391 a multiple of 13?
False
Is 31 a factor of 634?
False
Is 27 a factor of 32670?
True
Is 1974 a multiple of 14?
True
Does 66 divide 1056?
True
Is 16 a factor of 31?
False
Is 30 a factor of 849?
False
Is 16 a factor of 1328?
True
Is 7888 a multiple of 4?
True
Does 8 divide 263?
False
Is 47 a factor of 3298?
False
Is 143 a factor of 48659?
False
Is 3331 a multiple of 17?
False
Is 2 a factor of 1182?
True
Does 13 divide 793?
True
Is 10 a factor of 1156?
False
Does 27 divide 3294?
True
Is 92 a factor of 92?
True
Is 516 a multiple of 14?
False
Is 1932 a multiple of 23?
True
Does 34 divide 5304?
True
Is 1072 a multiple of 16?
True
Is 35 a factor of 1252?
False
Does 9 divide 35907?
False
Is 11005 a multiple of 13?
False
Is 100 a factor of 3550?
False
Does 17 divide 4828?
True
Is 601 even?
False
Is 1594 a multiple of 10?
False
Is 24 a factor of 6336?
True
Does 3 divide 276?
True
Does 23 divide 5497?